.
1736
What is the remainder when 15330 is divided by 12621?
2709
Calculate the remainder when 3558707 is divided by 395410.
17
Calculate the remainder when 3504976 is divided by 700979.
81
What is the remainder when 32051348 is divided by 176?
164
What is the remainder when 237728 is divided by 340?
68
Calculate the remainder when 58005501 is divided by 2304.
2301
Calculate the remainder when 178419 is divided by 88489.
1441
What is the remainder when 454112 is divided by 40834?
4938
Calculate the remainder when 374775 is divided by 1683.
1149
What is the remainder when 1850008 is divided by 58?
40
Calculate the remainder when 14713040 is divided by 1421.
6
What is the remainder when 58076 is divided by 52633?
5443
Calculate the remainder when 20093751 is divided by 12947.
7
What is the remainder when 24214414 is divided by 1337?
7
What is the remainder when 9820985 is divided by 9820973?
12
What is the remainder when 170473 is divided by 8917?
1050
What is the remainder when 71565 is divided by 2897?
2037
What is the remainder when 164746 is divided by 27435?
136
What is the remainder when 1456091316 is divided by 22?
20
What is the remainder when 3665089 is divided by 916271?
5
What is the remainder when 15430096 is divided by 51?
46
What is the remainder when 331358 is divided by 165679?
0
Calculate the remainder when 4969981 is divided by 1665.
1621
Calculate the remainder when 15005215 is divided by 207.
199
Calculate the remainder when 31196 is divided by 454.
324
Calculate the remainder when 605394 is divided by 201686.
336
What is the remainder when 8588 is divided by 7622?
966
What is the remainder when 40119214 is divided by 149142?
16
Calculate the remainder when 7767458 is divided by 2517.
2513
What is the remainder when 29299193 is divided by 102?
101
Calculate the remainder when 64952 is divided by 10149.
4058
Calculate the remainder when 118477 is divided by 13161.
28
Calculate the remainder when 10306164 is divided by 12.
0
Calculate the remainder when 4814698 is divided by 29537.
167
What is the remainder when 415838 is divided by 1037?
1
Calculate the remainder when 324093 is divided by 108030.
3
Calculate the remainder when 23383850 is divided by 2720.
10
What is the remainder when 4752783 is divided by 1187977?
875
Calculate the remainder when 38585 is divided by 503.
357
What is the remainder when 623239 is divided by 311619?
1
Calculate the remainder when 862044 is divided by 430497.
1050
Calculate the remainder when 2799576 is divided by 668.
656
What is the remainder when 8484244 is divided by 1228?
1220
Calculate the remainder when 35275986 is divided by 4681.
4651
What is the remainder when 166674 is divided by 8328?
114
Calculate the remainder when 96937 is divided by 322.
15
What is the remainder when 347557 is divided by 173563?
431
Calculate the remainder when 53952529 is divided by 7707501.
22
Calculate the remainder when 1883484 is divided by 26.
18
Calculate the remainder when 8364 is divided by 517.
92
Calculate the remainder when 4468814 is divided by 558600.
14
What is the remainder when 142799 is divided by 1343?
441
What is the remainder when 901197 is divided by 90119?
7
Calculate the remainder when 14319014 is divided by 1332.
14
Calculate the remainder when 52218 is divided by 311.
281
Calculate the remainder when 2914249 is divided by 15.
4
Calculate the remainder when 1469363 is divided by 544.
19
Calculate the remainder when 2989726 is divided by 1399.
63
What is the remainder when 255253 is divided by 5844?
3961
Calculate the remainder when 141685 is divided by 22.
5
What is the remainder when 1822088 is divided by 1040?
8
What is the remainder when 53607 is divided by 53409?
198
Calculate the remainder when 1890989 is divided by 769.
18
What is the remainder when 150646 is divided by 5639?
4032
Calculate the remainder when 12961689 is divided by 74.
71
Calculate the remainder when 98823197 is divided by 392.
389
Calculate the remainder when 2477904 is divided by 141.
111
What is the remainder when 3856398 is divided by 62?
60
What is the remainder when 1924203 is divided by 15?
3
Calculate the remainder when 5212341 is divided by 987.
981
Calculate the remainder when 6981341 is divided by 44.
37
What is the remainder when 32068221 is divided by 436?
421
Calculate the remainder when 45486237 is divided by 2895.
2892
Calculate the remainder when 214503 is divided by 7685.
7008
Calculate the remainder when 354779 is divided by 1739.
23
What is the remainder when 19810911 is divided by 412727?
15
What is the remainder when 75312 is divided by 3956?
148
Calculate the remainder when 27757 is divided by 292.
17
Calculate the remainder when 554975 is divided by 373.
324
Calculate the remainder when 3273440 is divided by 17505.
5
What is the remainder when 8539823 is divided by 29?
19
What is the remainder when 131606 is divided by 658?
6
What is the remainder when 1355606 is divided by 391?
9
Calculate the remainder when 129513867 is divided by 27.
24
What is the remainder when 31049721 is divided by 87?
30
Calculate the remainder when 12763510 is divided by 1076.
1074
What is the remainder when 100834645 is divided by 807?
802
Calculate the remainder when 24439068 is divided by 12219524.
20
What is the remainder when 17696805 is divided by 8800?
5
Calculate the remainder when 339960 is divided by 84987.
12
What is the remainder when 109987 is divided by 20291?
8532
Calculate the remainder when 2590952 is divided by 229.
46
What is the remainder when 4649 is divided by 2383?
2266
What is the remainder when 29534 is divided by 2261?
141
Calculate the remainder when 22045 is divided by 7310.
115
What is the remainder when 425956 is divided by 6000?
5956
What is the remainder when 296634 is divided by 1788?
1614
Calculate the remainder when 12616105 is divided by 195.
190
What is the remainder when 507622 is divided by 14503?
17
Calculate the remainder when 1573880 is divided by 1573824.
56
What is the remainder when 45187612 is divided by 5963?
5961
What is the remainder when 795139 is divided by 66242?
235
Calculate the remainder when 393036 is divided by 1005.
81
Calculate the remainder when 124590 is divided by 395.
165
What is the remainder when 65060 is divided by 32031?
998
Calculate the remainder when 6592927 is divided by 53.
45
What is the remainder when 96036 is divided by 8427?
3339
What is the remainder when 683575 is divided by 683571?
4
What is the remainder when 2213457 is divided by 442691?
2
Calculate the remainder when 19357279 is divided by 217.
11
Calculate the remainder when 5717985 is divided by 2858987.
11
Calculate the remainder when 39150 is divided by 1277.
840
What is the remainder when 4155479 is divided by 11511?
8
Calculate the remainder when 6093715 is divided by 121874.
15
Calculate the remainder when 1528587 is divided by 509523.
18
Calculate the remainder when 1520203 is divided by 97.
19
Calculate the remainder when 8397 is divided by 2044.
221
What is the remainder when 54267 is divided by 5952?
699
Calculate the remainder when 2156402 is divided by 119793.
128
What is the remainder when 791521171 is divided by 459?
457
Calculate the remainder when 3728703 is divided by 2378.
2377
Calculate the remainder when 29348669 is divided by 382.
373
What is the remainder when 198457 is divided by 997?
54
Calculate the remainder when 1416140 is divided by 331.
122
Calculate the remainder when 304099 is divided by 1784.
819
Calculate the remainder when 5055965 is divided by 187257.
26
Calculate the remainder when 1053574 is divided by 175590.
34
What is the remainder when 2224314 is divided by 317753?
43
Calculate the remainder when 616070 is divided by 314.
2
What is the remainder when 71364000 is divided by 47?
46
Calculate the remainder when 1428030 is divided by 7140.
30
What is the remainder when 2223164 is divided by 230?
214
What is the remainder when 264831771 is divided by 10592?
10587
Calculate the remainder when 286432 is divided by 57279.
37
Calculate the remainder when 8880673 is divided by 887.
29
What is the remainder when 2079305 is divided by 2079268?
37
Calculate the remainder when 710455 is divided by 664.
639
What is the remainder when 1064844 is divided by 